 highest common divisor of 2 and 264844?
2
Calculate the highest common divisor of 1 and 91099.
1
What is the highest common factor of 9820 and 24?
4
Calculate the highest common factor of 12 and 68164.
4
What is the greatest common factor of 51 and 257601?
51
What is the highest common factor of 2295 and 1107?
27
Calculate the greatest common divisor of 26 and 771472.
26
What is the greatest common factor of 470474 and 134?
134
What is the greatest common divisor of 109458 and 12?
6
What is the greatest common factor of 1484 and 59996?
212
Calculate the greatest common factor of 385611 and 85.
17
What is the highest common factor of 268156 and 434?
14
What is the highest common factor of 83 and 60839?
83
Calculate the greatest common factor of 16 and 198892.
4
Calculate the highest common factor of 105310 and 10.
10
What is the highest common divisor of 9215 and 2470?
95
What is the greatest common factor of 2012495 and 284?
71
Calculate the highest common divisor of 15054 and 22074.
78
What is the highest common divisor of 22 and 3530?
2
What is the highest common factor of 38421 and 27?
27
What is the highest common divisor of 7662861 and 1062?
531
What is the highest common factor of 294 and 1607494?
98
Calculate the greatest common divisor of 7 and 73703.
7
Calculate the greatest common divisor of 268481 and 289.
289
What is the greatest common factor of 18985 and 40?
5
What is the highest common factor of 228 and 166839?
57
What is the greatest common factor of 20 and 39835?
5
Calculate the greatest common divisor of 1092065 and 195.
65
Calculate the greatest common factor of 15238 and 127518.
802
Calculate the greatest common divisor of 154620 and 40.
20
Calculate the greatest common factor of 23 and 19573.
23
What is the greatest common divisor of 648 and 96?
24
Calculate the highest common divisor of 121769 and 526.
263
What is the highest common divisor of 1062 and 15984?
18
What is the greatest common divisor of 98987 and 22120?
553
Calculate the highest common factor of 143495 and 330.
55
What is the greatest common divisor of 612 and 4632?
12
Calculate the greatest common factor of 16767 and 972.
243
What is the highest common divisor of 597 and 74227?
199
What is the highest common divisor of 231876 and 108?
108
Calculate the greatest common factor of 284652 and 9.
9
Calculate the highest common factor of 840 and 317640.
120
Calculate the highest common factor of 8 and 3636.
4
What is the highest common factor of 69600 and 1440?
480
Calculate the highest common factor of 717405 and 10.
5
What is the greatest common factor of 184 and 50738?
46
Calculate the highest common divisor of 7893531 and 669.
669
Calculate the greatest common factor of 316 and 4486252.
316
Calculate the highest common divisor of 2718 and 12546.
18
Calculate the highest common factor of 13252 and 4.
4
What is the greatest common divisor of 1035 and 13915?
115
Calculate the greatest common divisor of 4018 and 21511.
49
What is the highest common factor of 1336 and 42752?
1336
Calculate the greatest common factor of 3610860 and 36.
12
What is the highest common divisor of 591589 and 307?
307
What is the greatest common factor of 12656 and 672?
112
What is the greatest common divisor of 217 and 8834?
7
Calculate the greatest common divisor of 5358 and 16450.
94
Calculate the greatest common divisor of 3068403 and 1131.
1131
Calculate the highest common divisor of 3855 and 375.
15
Calculate the greatest common factor of 26008 and 8.
8
Calculate the highest common divisor of 590 and 50.
10
What is the greatest common divisor of 29250 and 7650?
450
Calculate the greatest common divisor of 1158724 and 7308.
812
What is the highest common divisor of 80 and 7462720?
80
Calculate the greatest common factor of 78936 and 62376.
552
Calculate the greatest common divisor of 436 and 395452.
436
Calculate the greatest common factor of 3247 and 4658.
17
Calculate the greatest common factor of 87 and 247283.
29
What is the greatest common divisor of 40732 and 272?
68
What is the highest common factor of 13372 and 4?
4
Calculate the highest common divisor of 279175 and 325.
325
What is the highest common divisor of 42706 and 262?
262
Calculate the highest common divisor of 53 and 2489675.
53
What is the highest common divisor of 60588 and 1819?
17
What is the highest common factor of 85 and 10948?
17
Calculate the highest common factor of 25 and 7267675.
25
Calculate the highest common divisor of 1077375 and 1690.
845
What is the greatest common factor of 1484 and 756?
28
What is the greatest common factor of 12325 and 1675?
25
Calculate the greatest common divisor of 11404 and 20.
4
What is the greatest common divisor of 192 and 2551632?
48
Calculate the highest common factor of 147 and 12663.
21
Calculate the highest common divisor of 56960 and 470.
10
What is the highest common factor of 30 and 185205?
15
Calculate the greatest common divisor of 7344 and 5760.
144
What is the greatest common factor of 108 and 711924?
12
What is the greatest common divisor of 11 and 45089?
11
What is the highest common divisor of 35 and 28406?
7
Calculate the greatest common factor of 471 and 1566546.
471
What is the greatest common divisor of 13570 and 874?
46
What is the greatest common divisor of 459 and 269433?
459
Calculate the highest common factor of 494089 and 71.
71
Calculate the highest common factor of 480 and 5880.
120
What is the highest common divisor of 4609 and 253?
11
What is the greatest common divisor of 54029 and 291?
97
Calculate the greatest common divisor of 2348 and 472.
4
What is the greatest common divisor of 318236 and 8?
4
What is the greatest common divisor of 11546 and 1817?
23
What is the highest common factor of 66 and 1506?
6
Calculate the highest common divisor of 140 and 2026.
2
Calculate the greatest common factor of 171 and 103911.
57
What is the greatest common divisor of 92 and 1214722?
46
Calculate the highest common divisor of 225 and 146350.
25
Calculate the highest common factor of 64120 and 7.
7
Calculate the highest common factor of 100 and 81540.
20
What is the greatest common divisor of 255828 and 12?
12
Calculate the highest common divisor of 6081870 and 10.
10
Calculate the highest common factor of 202296 and 84.
12
Calculate the greatest common factor of 159718 and 52.
26
What is the highest common factor of 18 and 1699326?
18
What is the highest common divisor of 51 and 25840?
17
Calculate the highest common divisor of 168 and 92160.
24
Calculate the greatest common divisor of 99890 and 140.
70
What is the highest common divisor of 4094455 and 3165?
1055
What is the highest common factor of 890023 and 103?
103
What is the greatest common factor of 3195 and 115091?
71
Calculate the highest common divisor of 2088 and 719838.
522
What is the greatest common divisor of 200 and 80225?
25
What is the highest common divisor of 324 and 64962?
162
What is the highest common divisor of 46423 and 65?
13
What is the highest common divisor of 265113 and 135?
27
Calculate the greatest common factor of 49 and 4900.
49
Calculate the greatest common factor of 852767 and 557.
557
What is the greatest common factor of 4860 and 648?
324
Calculate the greatest common factor of 2574 and 61182.
198
Calculate the highest common factor of 1623802 and 596.
298
Calculate the greatest common divisor of 24059 and 149264.
491
Calculate the greatest common factor of 927 and 5459.
103
Calculate the greatest common divisor of 10325 and 531.
59
Calculate the highest common divisor of 148 and 2940.
4
What is the greatest common factor of 856 and 3688?
8
Calculate the highest common factor of 334871 and 257.
257
Calculate the greatest common divisor of 3542 and 22609.
23
What is the highest common factor of 240 and 6990?
30
Calculate the greatest common divisor of 5916 and 6264.
348
What is the greatest common factor of 127307 and 183?
61
Calculate the highest common divisor of 15 and 437175.
15
What is the highest common divisor of 28 and 477316?
28
Calculate the greatest common factor of 21592 and 8.
8
What is the highest common divisor of 59 and 202606?
59
Calculate the greatest common factor of 138013 and 553.
79
Calculate the greatest common divisor of 4884 and 9504.